*b**2 - b - 18. Let p(d) = 4*m(d) + 11*o(d). Give p(-4).
-6
Let l(v) be the second derivative of -v**4/6 + v**3/3 - v**2/2 - 4*v. Let a(d) be the first derivative of l(d). Let f be (8 - 1)*42/(-147). Give a(f).
10
Let o(p) = -7*p**3 - 7*p**2 + 1. Let r(n) = 2*n**3 + n**2 - n. Let j(k) = o(k) + 4*r(k). Calculate j(4).
1
Let u(j) = 1. Let n(t) = -2*t + 9. Let y(x) = -2*n(x) + 18*u(x). Let q(c) = c. Let d(s) = 35. Let i(m) = d(m) - 2*q(m). Let g be i(17). Give y(g).
4
Let s be ((-1)/2)/((-3)/12). Suppose 0 = 2*f + 4 + 2. Let t(j) = j**2 - 2*j - 5. Let p(y) = -y**2 + y + 1. Let z(k) = f*p(k) - t(k). Give z(s).
8
Let r(g) = -404*g + 796*g - 396*g + 3 - 3*g**2. Suppose 2*s - 2 = 2. Calculate r(s).
-17
Let n(g) = 286*g + 77. Let v(a) = 15*a + 4. Let w(t) = 4*n(t) - 77*v(t). What is w(2)?
-22
Suppose -5*a - 155 - 5 = 0. Let h = -30 - a. Let y(p) = p**3 + 4*p - 3*p + 2*p + p**3 - 3*p**2. Give y(h).
10
Let s(i) = i**2 + 0*i**2 + i**2 + 294*i - 298*i - 3. Determine s(3).
3
Let c(m) = m**2 + 4*m - 7. Let i(w) = -2*w**2 - 9*w + 15. Let k(l) = -13*c(l) - 6*i(l). Give k(3).
-2
Suppose v + 1 = 3. Suppose 0 = -5*i - v + 12. Let n(d) = 7*d + 4 + 6 - d**i + d**3 - 5*d**2 - 15*d. Calculate n(7).
3
Let u = 2130 + -2156. Let s(l) = l + 25. Calculate s(u).
-1
Let u(a) be the third derivative of -23*a**4/24 - a**3/6 + a**2. Let r = 1275 - 1274. Give u(r).
-24
Let g(q) be the second derivative of 1/2*q**2 + 13*q + 0*q**3 - 1/4*q**4 - 1/20*q**5 + 0. Calculate g(-2).
-3
Suppose -2*o - 2*o = -12. Let m(z) = 2*z - 5 + o - 6 + 4. Suppose 0*u + 30 = 5*u. What is m(u)?
8
Let x(u) = u**2 - 8*u - 17. Let m be x(12). Suppose 5*k - s + 5 - m = 0, -3*k + 4*s = -19. Let f(z) = -z + 1 + 0*z + 3. Calculate f(k).
-1
Suppose 76 = 2*r + 78. Let n(j) = 7*j**2 + 2*j + 2. Determine n(r).
7
Let q(y) be the second derivative of y**4/12 + y**3 + 3*y**2 - 5*y. Let j be 20 - (2/2 - 2). Suppose -3*o = 5*i + j + 24, -4*i + 2*o - 14 = 0. Calculate q(i).
6
Let g(d) be the first derivative of d**4/4 - 3*d**3 + 3*d**2 + 9*d + 1. Let c(h) = 3*h**2 + 3*h + 2. Let j be c(-2). Determine g(j).
-7
Suppose -6 = -2*o + 4. Let t be (1 - 4) + 1 + o. Suppose -u = t*u - 2*c + 32, -u - 2*c + 2 = 0. Let d(i) = 2*i + 6. Calculate d(u).
-6
Let t(y) = -3*y**3 - 10*y**2 - y + 10. Let u(d) = d**3 + 5*d**2 - 5. Let b(j) = 2*t(j) + 5*u(j). Let n(z) = -2*z - 10. Let k be n(-7). Give b(k).
3
Let z = 47 + 9. Suppose i = 8*i + z. Let s(x) = x**3 + 8*x**2 - 5. Determine s(i).
-5
Let s(b) = -b**2 - 8*b - 2. Let p be s(-7). Suppose -22 = -5*o - 3*u - 0*u, u - 24 = -p*o. Let z(a) = 1 + a - 2*a + 0*a. Calculate z(o).
-4
Let k(r) = -6 - 2 + 5 + 4*r. Let l(y) = -8*y - 6. Let f(p) = -7*p - 5. Let a(o) = 7*f(o) - 6*l(o). Let q(z) = 3*a(z) + k(z). What is q(-4)?
-4
Let d = 1 - -6. Let l(z) = -d*z + 3 + 2*z + 3*z. Let g(i) = 3*i - 5. Let n(a) = -3*g(a) - 5*l(a). Determine n(5).
5
Suppose -10*m + 9*m + 1 = 0. Let x(l) = 3*l**2 - m + 6*l - 4*l**2 - 1. What is x(6)?
-2
Let w(c) = -2 + 7*c - c - 7 - 10 + c. Calculate w(3).
2
Suppose -3*u + 34 - 1 = 0. Let l(j) = 2 + 5*j**2 + 10*j**3 - 5 - 4 - u*j**3. Give l(5).
-7
Let n(s) be the second derivative of s**4/12 - 5*s**3/6 + 3*s**2/2 + s. Let i = 49 - 47. Suppose -l + 2 + i = m, 2*l = 5*m + 15. Determine n(l).
3
Let x(m) be the first derivative of 5*m**2 + 13 + 1/4*m**4 + 3*m**3 + 10*m. Calculate x(-8).
-6
Let p(h) = 11*h**2 - 7*h - 8. Let k(t) = -9*t**2 + 7*t + 7. Let i(q) = 5*k(q) + 4*p(q). Calculate i(7).
3
Let u(h) = -3*h**3 - 2*h**2 - 3*h - 2. Let p be u(-1). Let l(w) = -14*w**2 + 1 - 5 + 5*w + 16*w**p. Calculate l(-4).
8
Let v(l) = 3*l**2 - 3*l + 2. Suppose -104*m = -108*m - 24. Let n(z) = -3*z - 16. Let o be n(m). Determine v(o).
8
Let r(l) = l**2 + 8*l - 2. Let n(k) = -k**2 - 9*k + 2. Let i(p) = -4*n(p) - 5*r(p). Let s = 3 - 7. What is i(s)?
2
Let p be 122/(-9) + 24/(-54). Let m(z) = z**3 + 14*z**2 - 5. Give m(p).
-5
Suppose 5*u = 27 + 28. Suppose 4 = -7*l + u. Let k(c) = 2*c + 0*c**2 + 6*c**2 - 2*c. Calculate k(l).
6
Let x(n) be the third derivative of n**5/120 - n**4/8 + n**3 - 22*n**2. Let p(a) be the first derivative of x(a). What is p(0)?
-3
Let n(v) = -v**2 - 1. Let p be ((-40)/100)/((-4)/10). Suppose p = 3*j + y, 4*j + 6 = y - 2. Give n(j).
-2
Let u = 68 - 64. Suppose o + u*f - 1 = 1, 2*f = 2. Let p(t) = -2*t - 3. Determine p(o).
1
Suppose -4*p + 20 = 12. Suppose -3*l + p*g = -2*g - 10, 0 = 2*l - 5*g - 9. Let d(b) = 2*b**3 + 2*b. Give d(l).
20
Let f = -171 + 174. Let c(y) = y**3 - 4*y**2 + 4. What is c(f)?
-5
Suppose -3*m = -0*m - 6. Suppose x = -d + 3, -2*x - d + 2 = -m. Let f be (-1)/x*(3 + -3). Let o(h) = -h + 11. Calculate o(f).
11
Suppose -5*o = x + 1, 3*x - 5*o + 2*o - 15 = 0. Let q(v) = v**3 - 2*v**2 + 5*v - 3. Determine q(x).
49
Let t(r) = -r**3 - 16*r**2 - 8. Let a be 1/(-3)*2496/52. Give t(a).
-8
Let t(y) = 13*y - 2. Let v(r) = 6*r - 1. Let x(h) = -4*t(h) + 9*v(h). Let d = 9 + -4. What is x(d)?
9
Let s(z) be the third derivative of -1/24*z**4 - z**3 + 0 - 3*z**2 + 2*z + 1/60*z**5. Give s(-5).
24
Let r(g) = 9*g**3 - 7*g**2 + 2*g - 1. Let s(y) = 46*y**3 - 38*y**2 + 10*y - 5. Let j(q) = -11*r(q) + 2*s(q). Determine j(1).
-7
Let f(q) = q**2 - 12*q + 14. Let m be f(10). Let b(s) = 3*s + 141 + 0*s**2 - 9*s - s**2 - 148. Determine b(m).
-7
Let r(k) = -5*k**2 + 204*k + 38. Let a be r(41). Let m(z) = 7*z + 7. What is m(a)?
-14
Suppose 4*j - 16 = j + 2*m, -3*m - 18 = -3*j. Let q = 4 - j. Let z(n) be the second derivative of n**3/6 + n**2 - 40*n. What is z(q)?
2
Let y = 4123 - 4118. Suppose 0 = -a + 4 - 2. Let o(u) = 7 - 5*u - 3*u + 2*u**2 - u**a. Calculate o(y).
-8
Let u(p) be the second derivative of -p**4 + p**3/3 + p**2 - 12*p. Give u(2).
-42
Let o(w) = -w**2 + 6*w - 3. Let a be 1/(-4) + (-360)/96 - -6. Determine o(a).
5
Let p = -219 + 209. Let y(u) = u**3 + 11*u**2 + 9*u - 4. Determine y(p).
6
Let s(g) = -4*g - 2*g**2 - g**3 - 10 + g**2 + 4 - 4*g**2. Suppose -3*h = -0*h + 12. Give s(h).
-6
Suppose 0 = 3*a + 2*i - 207, 6*a - 2*a + 4*i - 280 = 0. Let w(r) = 3*r - 70. Let x be w(24). Let d(q) = -12 - q**x - 66*q + a*q + 4. Calculate d(0).
-8
Let z(t) be the third derivative of -t**6/120 + 11*t**5/60 - 5*t**4/12 + 7*t**3/6 + 296*t**2. What is z(10)?
7
Let x(j) = j**2 - 2*j + 7. Let p be x(0). Let k(m) = -2*m + 1 + 4*m + p*m**2 - 2*m. Let a = -3 - -4. Give k(a).
8
Suppose 3*h - 26 - 13 = 0. Let i(z) = h - 4*z + 8*z - 12. What is i(1)?
5
Let x(u) = -18*u - 4 + 12*u + 0*u + 5. Calculate x(4).
-23
Let h(g) = 398*g**2 - g. Let q be h(-1). Let v(u) = -11*u**2 - 1 - q*u + 399*u. Calculate v(-1).
-12
Let k(f) be the third derivative of f**4/24 + f**3/3 + 4*f**2. Let z be 60/(-24)*(-28)/5. Let i be -2*(-6)/z*-7. Give k(i).
-4
Let k(h) be the third derivative of 5*h**4/24 + h**3/2 - 299*h**2 - h. Calculate k(-5).
-22
Let w(q) = 4*q**2 - 198*q - 2*q**3 + q**3 - 2 + 199*q. Calculate w(2).
8
Let m(s) = s**3 - 7*s**2 + 3*s + 14. Let j be (-11 - 207/(-12)) + (-2)/8. Give m(j).
-4
Suppose 0 = 2*g + 5*f - 3, 4*f = -50*g + 48*g + 4. Let o(s) be the second derivative of -1/6*s**3 + 1/20*s**5 - 1/6*s**g + 0 - s**2 - 4*s. Give o(3).
4
Let r = 44 - 55. Let g(p) = -p**2 - 11*p. Determine g(r).
0
Let z(s) be the second derivative of 0 - s**2 + 0*s**3 + 1/12*s**4 + s. Give z(2).
2
Suppose 5*o + 0*o - 20 = 0. Suppose -4*g - r - 32 - 107 = 0, -o*g - 124 = 4*r. Let j be ((-5)/(15/g))/2. Let t(d) = d**2 - 4*d - 5. What is t(j)?
7
Let l(u) = -u**3 + u**2 + u + 6. Let p be l(0). Let t(a) be the third derivative of 1/120*a**6 - 7/60*a**5 - 5/6*a**3 + 8*a**2 + 0*a + 0 + 7/24*a**4. Give t(p).
1
Let t = 15 + -57. Let p = 42 + t. Let q(r) = -r**3 + r**2 + 1. Determine q(p).
1
Suppose 9*d = 6*d + 9. Suppose d*k = -3 + 9. Let b(h) = -h**2 + h + 1. Give b(k).
-1
Let g(w) = -w**2 + w + 21. Let r be g(5). Let y(n) = n**2 + 4 - 2 - 3*n + 0 - 3*n**3. Let k be y(r). Let x(o) = -o**3 - 3*o**2 - 1. Determine x(k).
-1
Let o(v) = 7*v**3 - 2*v**2 + 1. Let i be o(-1). Let h(f) be the second derivative of f**3/3 + 7*f**2/2 - 43*f. Calculate h(i).
-9
Let c(z) = -2*z**2 + 3*z - 1. Let o be 2 + 2 - -2 - 4. Let v be c(o). Let h(m) = 2*m + 3. Determine h(v).
-3
Let p(v) = -v**2. Let h(d) = 5*d**3 + 4*d**2 + d. Suppose -k - 4*u = -5, 2*k - u + 0 = 1. Let l(z) = k*h(z) + 2*p(z). Give l(-1).
-4
Let v(f) = -16*f + 23. Let n(x) = -4